5. Give f(-19).
-5
Let c(f) = -15*f + 947. Calculate c(63).
2
Let b(k) = -k**2 - 4*k - 15. What is b(-5)?
-20
Let s(o) = -o**2 + 38*o - 219. Determine s(31).
-2
Let q(r) = 5*r**2 - 4*r + 4. What is q(2)?
16
Let d(j) = -2*j**3 + 11*j**2 - 12*j + 40. What is d(5)?
5
Let k(c) = c**2 + 21*c + 18. Calculate k(-15).
-72
Let t(m) = -5*m + 19. Give t(4).
-1
Let a(s) = 16*s**2 - 14*s + 5. What is a(1)?
7
Let x(y) = -12*y**3 + y**2 + y - 1. Determine x(1).
-11
Let p(z) = 2*z + 3. Determine p(-2).
-1
Let j(m) = -m**2 + 16*m - 25. Give j(14).
3
Let d(w) = w**3 - 4*w**2 - 2*w - 11. What is d(5)?
4
Let w(q) = q**2 - 3*q - 17. What is w(-5)?
23
Let a(p) = p + 9. Give a(8).
17
Let b(q) = q**3 - q**2 + 2*q + 2. Calculate b(-2).
-14
Let u(s) = s**2 + 11*s - 10. Give u(-12).
2
Let m(q) = 3*q + 2. Give m(8).
26
Let h(b) = -b**3 + 16*b**2 + 1. What is h(16)?
1
Let x(w) = -25*w + 2. Give x(-1).
27
Let w(c) = 9*c + 181. Determine w(-20).
1
Let z(h) = 2*h**2 - 4*h - 3. What is z(5)?
27
Let v(j) = -j**3 + 8*j**2 - 15*j + 6. Give v(7).
-50
Let g(k) = k**3 + 2*k**2 - 3*k - 7. Give g(-2).
-1
Let d(b) = -2*b**3 - 4*b**2 + 11*b + 5. What is d(-5)?
100
Let n(q) = -11*q**3 - q. Calculate n(1).
-12
Let c(m) = m**3 - 22*m**2 + 2*m - 41. Determine c(22).
3
Let b(v) = -7*v + 5. Give b(1).
-2
Let c(u) = -9*u + 69. Determine c(7).
6
Let x(y) = 4*y + 5. Calculate x(0).
5
Let j(l) = -l**3 + 12*l**2 - 4*l + 29. Determine j(13).
-192
Let i(r) = -3*r**2 + 16*r + 5. Give i(6).
-7
Let w(k) = 2*k**2 - 3. Give w(2).
5
Let b(r) = -r**3 - 8*r**2 + 5*r - 3. Calculate b(-7).
-87
Let v(l) = 3*l - 3. What is v(-2)?
-9
Let s(f) = -14*f - 273. Calculate s(-19).
-7
Let h(i) = 4*i - 9. Calculate h(-3).
-21
Let f(n) = 18*n + 45. What is f(-3)?
-9
Let p(d) = -d**3 - 3*d**2 + 3*d - 3. What is p(-4)?
1
Let b(d) = -d**3 + d**2 + d - 1. What is b(-3)?
32
Let w(y) = -y**3 + y**2 + 5*y + 4. What is w(4)?
-24
Let t(v) = 110*v - 98. What is t(1)?
12
Let a(h) = h**3 + 8*h**2 + 8*h + 11. What is a(-7)?
4
Let a(t) = -4*t - 75. Give a(-19).
1
Let l(d) = -d**2 + 2*d. Give l(-5).
-35
Let i(s) = 5*s - 2. Determine i(3).
13
Let g(b) = b**2 + 30*b + 39. Determine g(-28).
-17
Let o(n) = n**2 + 17*n + 17. Determine o(-16).
1
Let s(d) = -5*d**2 + 162*d + 94. What is s(33)?
-5
Let h(j) = 9*j**3 - j**2 + 2*j. Determine h(1).
10
Let r(v) = -v**2 + 5*v + 15. Determine r(7).
1
Let b(o) = o**3 + 14*o**2 + 13*o - 10. What is b(-13)?
-10
Let o(a) = a**2 + 19*a + 43. What is o(-16)?
-5
Let m(i) = i**3 + 11*i**2 - 101*i + 17. What is m(-17)?
0
Let i(h) = h**2 + 2*h + 40. Give i(0).
40
Let w(k) = -k**3 - 4*k**2 - 2*k + 3. Calculate w(-2).
-1
Let z(f) = -f**3 + 8*f**2 + 3*f + 19. Give z(8).
43
Let c(t) = -t**3 + 6*t**2 - 2. Give c(6).
-2
Let u(o) = o**2 + 9*o + 6. Give u(-6).
-12
Let d(o) = -o**2 - o - 13. What is d(0)?
-13
Let x(q) = q**2 + 12*q - 45. Calculate x(3).
0
Let x(j) = 2*j - 7. Give x(1).
-5
Let i(g) = -2*g**3 + 32*g**2 + 16*g - 250. Give i(16).
6
Let s(m) = m**2 + 10*m + 22. What is s(-9)?
13
Let z(i) = 4*i - 87. Determine z(21).
-3
Let p(j) = j**3 - 8*j**2 + 2*j + 16. Give p(7).
-19
Let d(y) = y**2 + 7*y - 11. Determine d(-11).
33
Let o(v) = v**2 - 25*v + 9. What is o(17)?
-127
Let s(v) = v**3 + 6*v**2 - 23*v - 46. Determine s(-8).
10
Let r(z) = -20*z**3 - z. Calculate r(1).
-21
Let v(n) = -3*n - 8. Calculate v(-4).
4
Let p(f) = f**3 + f**2 - 12*f + 23. What is p(3)?
23
Let c(b) = -b**3 + b**2 - b - 1. What is c(0)?
-1
Let b(s) = 6*s + 67. Give b(-10).
7
Let m(c) = -c**2 + 2*c + 3. Calculate m(-3).
-12
Let r(k) = -k**3 + 5*k**2 - k + 11. Give r(5).
6
Let t(z) = -117*z - 934. Calculate t(-8).
2
Let a(r) = 15*r - 71. Determine a(4).
-11
Let d(i) = -9*i**2 + 4*i + 1. Calculate d(3).
-68
Let j(l) = -l**3 + 2*l**2 + 10*l - 10. What is j(4)?
-2
Let s(x) = 9*x**2 - 9*x + 20. What is s(2)?
38
Let j(v) = v**3 + 4*v**2 + 2*v + 3. Calculate j(-2).
7
Let j(w) = -w**2 + 5*w + 16. What is j(6)?
10
Let j(q) = q**2 + 3*q - 9. Give j(-5).
1
Let q(z) = z**2 + 11*z - 3. What is q(-11)?
-3
Let v(f) = -5*f**3 + f. What is v(1)?
-4
Let u(i) = -i + 9. What is u(-5)?
14
Let s(k) = k - 53. What is s(50)?
-3
Let b(y) = 4*y + 27. Determine b(-2).
19
Let l(j) = -17*j + 6. Determine l(1).
-11
Let m(z) = z**3 - 6*z**2 - 57*z + 11. Calculate m(11).
-11
Let f(d) = d**3 - 3*d**2 - d - 7. Calculate f(4).
5
Let w(a) = -a**2 + 8*a + 208. Calculate w(19).
-1
Let g(u) = -u**2 + 5*u - 14. What is g(4)?
-10
Let g(u) = -124*u + 498. What is g(4)?
2
Let m(s) = 6*s**3 - 2*s + 2. Calculate m(1).
6
Let x(y) = -y**3 + 4*y**2 + 4. Calculate x(4).
4
Let s(i) = -i**2 + 13*i + 10. What is s(14)?
-4
Let j(i) = -12*i + 50. Determine j(4).
2
Let a(g) = g**3 + 7*g**2 - 11*g - 6. Determine a(-8).
18
Let k(s) = s**3 - s**2 - 7*s + 5. Give k(4).
25
Let j(u) = 4*u**2 - 6*u - 2. What is j(-3)?
52
Let d(v) = v**3 + 10*v**2 + 8*v - 2. What is d(-9)?
7
Let o(j) = j**3 + 3*j**2 - 8*j + 6. Give o(-5).
-4
Let w(t) = -6*t**2 + 102*t - 103. Give w(1).
-7
Let k(m) = -m**2 - 5*m + 5. Determine k(-5).
5
Let w(d) = -d**2 - 5*d + 14. Determine w(4).
-22
Let y(r) = -r**2 - 9*r - 22. What is y(-4)?
-2
Let l(w) = 8*w + 3. Give l(3).
27
Let a(o) = 17*o**2 + 10*o + 18. Calculate a(-2).
66
Let a(i) = 8*i - 389. What is a(47)?
-13
Let w(x) = x**2 + 17*x - 14. Give w(-18).
4
Let z(y) = 11*y**2 + 5*y + 3. Give z(-1).
9
Let h(v) = v**3 + 11*v**2 - 10*v + 13. Calculate h(-12).
-11
Let h(z) = z**3 - 5*z**2 - 12*z - 8. Give h(7).
6
Let n(m) = 11*m**3 - m**2 + 3*m - 2. Calculate n(1).
11
Let o(w) = -2*w**2 + 14*w - 9. Determine o(6).
3
Let j(q) = -q**3 - 16*q**2 - 29*q - 21. Calculate j(-14).
-7
Let c(r) = 2*r**2 + 3*r - 9. Give c(-3).
0
Let t(b) = -5*b - 130. Give t(-13).
-65
Let s(x) = -x**3 + 4*x**2 - 9*x - 6. Calculate s(5).
-76
Let m(i) = -2*i + 16. Determine m(11).
-6
Let i(t) = -t**3 - 2*t - 66. What is i(0)?
-66
Let p(m) = -m**3 + m**2 - 2*m - 4. Give p(0).
-4
Let m(d) = d**3 + d**2 - 10*d + 12. What is m(0)?
12
Let a(s) = -s**2 - 2*s - 1. Calculate a(-1).
0
Let n(y) = y**2 - 11*y + 15. Calculate n(6).
-15
Let n(r) = r**2 + 3*r - 1. Give n(-4).
3
Let b(t) = t**2 + 2*t - 36. Determine b(-7).
-1
Let x(d) = d**3 + 6*d**2 - d + 1. Determine x(-6).
7
Let w(f) = f + 12. What is w(-16)?
-4
Let b(w) = 4*w - 5. Calculate b(-1).
-9
Let x(y) = 31*y + 48. Calculate x(5).
203
Let j(u) = 4*u**2 - 18*u + 7. Calculate j(6).
43
Let q(h) = h**3 + 7*h**2 + 4*h - 4. What is q(-6)?
8
Let n(x) = 3*x**3 - x**2 - x + 1. What is n(1)?
2
Let g(s) = s**3 - 10*s**2 - 2*s + 6. Calculate g(10).
-14
Let r(j) = 74*j**3 - 3*j**2 + 3*j - 1. Determine r(1).
73
Let y(k) = -k**2 - 26*k - 1. What is y(-26)?
-1
Let g(m) = -7*m**2 - 10*m + 40. Calculate g(4).
-112
Let g(l) = -l**2 - 11. Calculate g(-6).
-47
Let n(v) = -v**3 + 18*v**2 - 18*v + 19. Determine n(17).
2
Let x(s) = 12*s**3 - 2*s**2 - 3*s. Calculate x(-1).
-11
Let p(y) = y**3 + 6*y**2 - 12*y - 3. Determine p(-8).
-35
Let c(b) = 14*b**2 + b. Give c(1).
15
Let g(y) = 11*y**3 - y**2. Determine g(1).
10
Let x(i) = -3*i + 13. What is x(3)?
4
Let h(j) = j**3 - 2*j**2 - 25. What is h(4)?
7
Let i(a) = 3*a - 15. Give i(8).
9
Let s(q) = -q**3 + 59*q**2 - 851*q + 31. What is s(34)?
-3
Let v(d) = -20*d - 416. Calculate v(-21).
4
Let x(v) = 2*v - 5. Give x(-5).
-15
Let j(w) = 58*w**2 - 4*w - 5. What is j(-1)?
57
Let n(u) = -u**2 + 7*u - 57. Determine n(13).
-135
Let l(b) = -b**3 - 25*b**2 - 50*b - 101. Give l(-23).
-9
Let p(l) = 6*l**3 + l**2 - l. What is p(1)?
6
Let w(d) = -d**3 - 11*d**2 - 4*d + 14. Determine w(-11).
58
Let v(m) = 3*m - 15. Give v(17).
36
Let t(j) = -j**2 + 66*j + 843. What is t(77)?
-4
Let k(b) = 4*b**2 - 5*b + 1. What is k(2)?
7
Let k(y) = 6*y - 12. Give k(8).
36
Let w(d) = d**3 + 22*d**2 + 22*d + 15. Determine w(-21).
-6
Let q(k) = -k**3 - 6*k**2 - k + 4. Calculate q(-4).
-24
Let i(o) = -2*o + 27. Calculate i(10).
7
Let g(y) = -6*y + 3. What is g(3)?
-15
Let f(c) = -3*c**2 + 89*c - 133. Calculate f(28).
7
Let o(j) = -j**3 + 9*j**2 - 7*j - 11. What is o(8)?
-3
Let c(a) = -a**2 - 9*a + 2. Give c(-4).
22
Let n(v) = 18*v + 114. What is n(-7)?
-12
Let n(b) = -2*b**2 + 22*b - 11. Give n(12).
-35
Let x(s) = -4*s + 167. Give x(37).
19
Let x(d) = 4*d**3 + d**2 + 2*d - 2. Give x(2).
38
Let t(r) = -6*r - 240. What is t(-36)?
-24
Let u(z) = -z + 3. Calculate u(9).
-6
Let s